-5*i + d. List the prime factors of i.
5
Suppose 0 = r + 2*r. Suppose -4*x - x - 30 = r. Let f = x - -16. What are the prime factors of f?
2, 5
Suppose -3*c = -5*c + 2. Let h = c + 1. List the prime factors of 3/h*4/3.
2
Let i = 17 - 11. Suppose 3 - i = b. Let c = -1 - b. List the prime factors of c.
2
Suppose 5*n = 5*p - 27 - 3, 5*p - 23 = -2*n. Suppose -115 = -4*q + p. List the prime factors of -7*1*q/(-21).
2, 5
Let b = 1 - -1. Suppose b*j = -2*j. Let g = j + 3. List the prime factors of g.
3
Let r = -32 + 46. List the prime factors of r.
2, 7
Suppose 0 = -12*o + 6*o + 1134. List the prime factors of o.
3, 7
Let x = 3 + -5. Let g = x + 0. Let y = 6 + g. What are the prime factors of y?
2
Let a(i) = -10*i + 1. Let n be a(-1). Let u = 21 - n. List the prime factors of u.
2, 5
Let r be (-1 + -2)*32/12. Let x = -2 - r. List the prime factors of (-26)/(-6) - 2/x.
2
Let f(b) = -b - 5. Let p be f(-9). Suppose 6*d = d + 25. Suppose d*u - 4*y - 14 - 6 = 0, p = u + 5*y. What are the prime factors of u?
2
Let f(l) = -l**2 + 9*l + 3. Let i be f(9). Suppose -123 = -i*g + 24. List the prime factors of g.
7
Suppose -5*d - 4*g + 19 = 0, 0*d + 2*d - 34 = 5*g. Let w = d + -5. What are the prime factors of w?
2
Suppose -5*q = -0*q - 35. Let i(v) = -v**2 + 10*v + 7. Let c be i(q). Suppose 2*m + 10 = 4*m, -2*k + c = 4*m. What are the prime factors of k?
2
Let f(m) = m**2 + 7*m + 156. List the prime factors of f(0).
2, 3, 13
Let c(h) = -12*h + 1. Let u be c(-6). Suppose -3*x - 2*g = u, -128 = -0*x + 4*x - 5*g. List the prime factors of x/(-2) + (-2)/4.
13
Let y be (4 - 4) + 1*2. Suppose 0 = y*i + 27 + 19. Let h = i - -32. List the prime factors of h.
3
Suppose 0 = -2*z - 3*z + 285. List the prime factors of z.
3, 19
Suppose 2*p - 5*q - 2 = -3*q, -p - q + 5 = 0. List the prime factors of (-3 - -12)*1/p.
3
Suppose 275 = 5*p + 5*z, 2*p - 3*z = -0*z + 135. Suppose 3*g + p = 5*g. List the prime factors of g.
2, 3, 5
Let x = 0 + -3. Suppose -a = -5*a + 8. What are the prime factors of (-3)/x - (0 - a)?
3
Suppose z + 4 = 2*z. Suppose 4*d + 8 = 20, -26 = -2*o - z*d. What are the prime factors of o?
7
Let d = 13 + -8. Suppose -d*h - 2*x = -68, x = 3*h + 4*x - 39. List the prime factors of h.
2, 7
Let n(r) = r**3 + 2*r**2 - 5*r - 3. Let q be n(-3). Let h = 23 - q. What are the prime factors of h?
2, 5
What are the prime factors of 106/(-3)*9/(-6) - 0?
53
List the prime factors of (-6*(-5)/(-35))/((-2)/322).
2, 3, 23
Let m = 13 - 11. Suppose m = j, 4*b + 11 = 5*b - 4*j. What are the prime factors of b?
19
Suppose 69*v - 71*v + 362 = 0. What are the prime factors of v?
181
List the prime factors of 15 - (-9)/((-45)/(-20)).
19
Let u = -59 + 184. What are the prime factors of u?
5
Suppose 23 = 4*d - g, d + 3*g + 4 + 0 = 0. Suppose r + 2*a - 15 = 0, d*r + 5*a = a + 99. What are the prime factors of r?
23
Suppose -2*s = s - 6. Suppose -s*n + 2 = -4. Let c(v) = v**3 - 4*v**2 + 5*v - 3. What are the prime factors of c(n)?
3
Suppose 5*y - 3*n = 27, -24 - 10 = -5*y - 4*n. Let j be y/(-3) + (2 - -132). What are the prime factors of (-5)/2*j/(-15)?
2, 11
Suppose 0*c + 216 = 4*c. Let t = 82 - c. List the prime factors of t.
2, 7
Let r(a) = -a**3 - 3*a**2 + 6*a + 5. What are the prime factors of r(-5)?
5
Let g(y) = 8*y - 1. List the prime factors of g(1).
7
Let n be (-2*2)/(-2) - -5. Suppose -27 = -5*x - n. Suppose 0 = -x*d + 57 - 9. List the prime factors of d.
2, 3
Suppose 0 = -3*l - 27 - 141. Let a = 93 + l. What are the prime factors of a?
37
Let v = -2 - 4. List the prime factors of (20/(-6))/(4/v).
5
Suppose 5*x = 2 + 18. Suppose -x*u + 1 = -3, 5*u = -4*z + 13. Suppose r + 40 = 3*n, -3*r + 5*r + z = 0. List the prime factors of n.
13
Suppose -3 = 2*q - 13. Suppose 0*p + q*p = 4*m - 4, 4*p = 2*m - 8. What are the prime factors of (-100)/(-36) - p/18?
3
Let n(z) = -z**2 + 6*z - 1. Let d be n(5). Suppose -c = -d*c + 27. Suppose -2 - c = -y. List the prime factors of y.
11
Let x(g) = -37*g - 1. Let y be -3 + 3 - (-1 + 2). Let q be x(y). Suppose a = 5*f - 45, -4*f - a + 2*a = -q. List the prime factors of f.
3
Let i = -8 - -5. Let w be -1 - 2*1/(-2). Let p = w - i. What are the prime factors of p?
3
Suppose -3*j - 4*q = 4, 0 = 7*j - 3*j - q - 20. Suppose 3*v + 3*m - 24 - 30 = 0, 3*v - 57 = -j*m. What are the prime factors of v?
3, 5
Let p be ((-36)/(-2))/(6/4). Suppose m - p = -m. Let t = m + 5. What are the prime factors of t?
11
Suppose 4*z = -4*q, 0 = 5*z - 5*q + 22 - 2. Let v be 4*1*z/(-4). Suppose 0 = -5*p - v*n + 1 + 48, -4*p - n + 38 = 0. List the prime factors of p.
3
Let q(u) be the second derivative of u**3/6 + 5*u**2/2 - 4*u. List the prime factors of q(-2).
3
Suppose 3*w - 667 = 92. List the prime factors of w.
11, 23
Let u(y) = -97*y + 1. Let b be u(-1). Let w = b + -56. List the prime factors of w.
2, 3, 7
Let s = 47 - -6. Let m = s + -38. Suppose m = 2*t - 7. What are the prime factors of t?
11
Let w(l) = l**2 - 8*l + 9. Let s be w(6). Let o(u) = -4*u + 1. What are the prime factors of o(s)?
13
Suppose 3*b + 2*f = 777, 5*b - 2*f + f - 1308 = 0. What are the prime factors of b?
3, 29
Let k(u) be the third derivative of u**2 + 0 - 1/6*u**3 + 1/10*u**6 + 0*u + 0*u**4 + 0*u**5. List the prime factors of k(1).
11
Let h = -58 + 100. Suppose -h = -2*n - 3*b, -n + b = 4*n - 139. List the prime factors of n.
3
Suppose -2*r + 9 = s - 29, -4*s + 5*r = -87. Let w(q) = q**3 - q**2 + 2. Let k be w(3). Let x = s - k. List the prime factors of x.
2
Let g = 5 - 7. What are the prime factors of (42/(-15))/(g/10)?
2, 7
Suppose -322 = -2*r - 0*y - 2*y, -y = 0. List the prime factors of r.
7, 23
What are the prime factors of 360/16*168/15?
2, 3, 7
Suppose -4*l - 112 = -5*p, 0 = 3*p + 2*l - 30 - 24. What are the prime factors of p?
2, 5
Let b = -17 - -37. Let y = b + 4. What are the prime factors of 8/((y/(-9))/(-4))?
2, 3
What are the prime factors of 4/30*-3 - (-1104)/10?
2, 5, 11
Let s be ((-93)/21 - -3)*-7. Let k = -6 + s. What are the prime factors of k?
2
Suppose o + 52 = 2*s, 25 + 27 = 2*s - 3*o. What are the prime factors of s?
2, 13
Suppose k + 5*q = 18, -5*k + 3*q = -q - 90. List the prime factors of k.
2, 3
Let n(g) = g**2 + 4*g - 1. Let m be n(-4). Let k(q) = -6*q + 1. Let d(o) = o. Let j(z) = m*d(z) - k(z). What are the prime factors of j(5)?
2, 3
Let b(y) = -2 - 8*y - 2*y + y + 9 - y**2. List the prime factors of b(-8).
3, 5
Let l(o) be the first derivative of -2 - 3/2*o**2 + 1/3*o**3 - 3*o. What are the prime factors of l(5)?
7
Suppose -5*t + 5*z + 635 = 0, -623 = -5*t - z + 2*z. Suppose -3*x = x - t. List the prime factors of x.
31
Let i(a) be the third derivative of a**6/120 + a**5/12 - a**4/4 - a**3/3 - 5*a**2. What are the prime factors of i(-4)?
2, 19
List the prime factors of (-6)/(-9)*-237*4/(-8).
79
Let p be 3954/33 - (-4)/22. Suppose 8*s - 2*s = p. List the prime factors of s.
2, 5
Let f(c) = c**3 + 5*c**2 + 5*c + 3. Let o(a) = -a**2 - 8*a + 6. Let s be o(-9). What are the prime factors of f(s)?
2, 3
Suppose -344 = -n - 3*n. List the prime factors of n.
2, 43
Suppose -4*w + 115 = -3*j + 40, 5*w + j - 89 = 0. List the prime factors of w.
2, 3
Let s(i) = -3*i - 1. What are the prime factors of s(-6)?
17
Let x(s) = -14*s + 3. List the prime factors of x(-3).
3, 5
Let n(f) be the first derivative of -f**2/2 - 3*f - 1. Let u be n(-6). Let p = 6 - u. What are the prime factors of p?
3
Suppose 4*o - 3 = 49. What are the prime factors of o?
13
Let v = -14 + 21. Let o(k) = -k**3 + 8*k**2 - 7*k + 2. Let l be o(v). Suppose 4*c + 6 = l*z + z, -6 = -3*z - 2*c. What are the prime factors of z?
2
Suppose 4*r - 3*y - 128 + 9 = 0, 25 = -5*y. What are the prime factors of r?
2, 13
Let d(y) = 11*y - 5. Let m be d(4). What are the prime factors of (m/(-6))/(1/(-2))?
13
Suppose 0 = 5*z - q - 3*q + 45, 5*z - 3*q + 40 = 0. Let i = 25 + z. List the prime factors of i.
2, 5
Let r(n) = n**3 - 7*n**2 + 8*n - 8. Let v be r(6). Suppose -4*a - 2*o = -74, -v*o = -a + 3 - 7. List the prime factors of a.
2
Suppose 0*x - 180 = -5*x. Suppose -x = -0*s - 2*s. What are the prime factors of s?
2, 3
Suppose -53 = 3*u - 4*z, 5*u + 81 = -0*z + 3*z. Let i be u/(-3) + (-4 - -1). Suppose f = 13 - i. What are the prime factors of f?
11
Suppose -3*n + 6*n = 6. Let z(y) = -n*y - 2*y**2 - 2*y**2 + 5*y**2 + 4. 